{"id":8040,"date":"2020-09-22T22:48:07","date_gmt":"2020-09-22T22:48:07","guid":{"rendered":"https:\/\/guitarradegranada.com\/producto\/handcrafted-capo-with-inlay\/"},"modified":"2020-09-22T22:48:07","modified_gmt":"2020-09-22T22:48:07","slug":"handcrafted-capo-with-inlay","status":"publish","type":"product","link":"https:\/\/guitarradegranada.com\/en\/product\/handcrafted-capo-with-inlay\/","title":{"rendered":"Handcrafted capo with inlay"},"content":{"rendered":"<p><strong>Cejilla flamenca handcrafted flamenco capo made of Palo Violeta wood<\/strong><strong> inlaid with Taracea.<\/strong><\/p>\n<h3><span style=\"color: #d83131\">Sorry, this flamenco capo is currently out of stock.<\/span><\/h3>\n<p>&nbsp;<\/p>\n","protected":false},"excerpt":{"rendered":"<p>Cejilla handcrafted of Palo Violeta and granadina inlaid wood of great quality and precision.<\/p>\n","protected":false},"featured_media":3295,"template":"","meta":{"_coblocks_attr":"","_coblocks_dimensions":"","_coblocks_responsive_height":"","_coblocks_accordion_ie_support":"","_crdt_document":"","jetpack_publicize_message":"","jetpack_publicize_feature_enabled":true,"jetpack_social_post_already_shared":true,"jetpack_social_options":{"image_generator_settings":{"template":"highway","default_image_id":0,"font":"","enabled":false},"version":2},"_wpas_customize_per_network":false},"product_brand":[],"product_cat":[50518893,50518894],"product_tag":[50518956,50518936,50518937,50518934,50518955,50518974,50518949],"class_list":{"0":"post-8040","1":"product","2":"type-product","3":"status-publish","4":"has-post-thumbnail","6":"product_cat-handmade-eyebrows","7":"product_cat-inlaid-caps","8":"product_tag-capo","9":"product_tag-capoes","10":"product_tag-flamenco-capos","11":"product_tag-handcrafted-capos","12":"product_tag-inlaid-capos","13":"product_tag-stepfather","14":"product_tag-wooden-capos","15":"product_shipping_class-cejillas-artesanas","17":"first","18":"instock","19":"sale","20":"taxable","21":"shipping-taxable","22":"purchasable","23":"product-type-simple"},"bundled_by":[],"bundle_stock_status":"instock","bundle_stock_quantity":null,"bundle_virtual":false,"bundle_layout":"","bundle_add_to_cart_form_location":"","bundle_editable_in_cart":false,"bundle_sold_individually_context":"","bundle_item_grouping":"","bundle_min_size":"","bundle_max_size":"","bundle_price":[],"bundled_items":[],"bundle_sell_ids":[],"group_of_quantity":0,"min_quantity":0,"max_quantity":"","exclude_order_quantity_value_rules":"no","exclude_category_quantity_rules":"no","combine_variations":"no","exclude_global_add_ons":[],"addons":[],"yoast_head":"<!-- This site is optimized with the Yoast SEO plugin v27.4 - https:\/\/yoast.com\/product\/yoast-seo-wordpress\/ -->\n<title>\u25b7Handcrafted capo with inlay% -% LA GUITARRER\u00cdA DE GRANADA%.<\/title>\n<meta name=\"description\" content=\"Cejilla of handcrafted wood with Grenadian Taracea and Palo Violeta. Exclusive design made in our artisan workshop in Granada.\" \/>\n<meta name=\"robots\" content=\"index, follow, max-snippet:-1, max-image-preview:large, max-video-preview:-1\" \/>\n<link rel=\"canonical\" href=\"https:\/\/guitarradegranada.com\/en\/product\/handcrafted-capo-with-inlay\/\" \/>\n<meta property=\"og:locale\" content=\"en_US\" \/>\n<meta property=\"og:type\" content=\"article\" \/>\n<meta property=\"og:title\" content=\"\u25b7Handcrafted capo with inlay% -% LA GUITARRER\u00cdA DE GRANADA%.\" \/>\n<meta property=\"og:description\" content=\"Cejilla of handcrafted wood with Grenadian Taracea and Palo Violeta. Exclusive design made in our artisan workshop in Granada.\" \/>\n<meta property=\"og:url\" content=\"https:\/\/guitarradegranada.com\/en\/product\/handcrafted-capo-with-inlay\/\" \/>\n<meta property=\"og:site_name\" content=\"LA GUITARRER\u00cdA DE GRANADA\" \/>\n<meta property=\"og:image\" content=\"https:\/\/i0.wp.com\/guitarradegranada.com\/wp-content\/uploads\/2020\/09\/Cejilla4.JPG.jpg?fit=1800%2C1350&ssl=1\" \/>\n\t<meta property=\"og:image:width\" content=\"1800\" \/>\n\t<meta property=\"og:image:height\" content=\"1350\" \/>\n\t<meta property=\"og:image:type\" content=\"image\/jpeg\" \/>\n<meta name=\"twitter:card\" content=\"summary_large_image\" \/>\n<script type=\"application\/ld+json\" class=\"yoast-schema-graph\">{\"@context\":\"https:\\\/\\\/schema.org\",\"@graph\":[{\"@type\":\"WebPage\",\"@id\":\"https:\\\/\\\/guitarradegranada.com\\\/en\\\/product\\\/handcrafted-capo-with-inlay\\\/\",\"url\":\"https:\\\/\\\/guitarradegranada.com\\\/en\\\/product\\\/handcrafted-capo-with-inlay\\\/\",\"name\":\"\u25b7Handcrafted capo with inlay% -% LA GUITARRER\u00cdA DE GRANADA%.\",\"isPartOf\":{\"@id\":\"https:\\\/\\\/guitarradegranada.com\\\/en\\\/#website\"},\"primaryImageOfPage\":{\"@id\":\"https:\\\/\\\/guitarradegranada.com\\\/en\\\/product\\\/handcrafted-capo-with-inlay\\\/#primaryimage\"},\"image\":{\"@id\":\"https:\\\/\\\/guitarradegranada.com\\\/en\\\/product\\\/handcrafted-capo-with-inlay\\\/#primaryimage\"},\"thumbnailUrl\":\"https:\\\/\\\/guitarradegranada.com\\\/wp-content\\\/uploads\\\/2020\\\/09\\\/Cejilla4.JPG.jpg\",\"datePublished\":\"2020-09-22T22:48:07+00:00\",\"description\":\"Cejilla of handcrafted wood with Grenadian Taracea and Palo Violeta. Exclusive design made in our artisan workshop in Granada.\",\"breadcrumb\":{\"@id\":\"https:\\\/\\\/guitarradegranada.com\\\/en\\\/product\\\/handcrafted-capo-with-inlay\\\/#breadcrumb\"},\"inLanguage\":\"en-US\",\"potentialAction\":[{\"@type\":\"ReadAction\",\"target\":[\"https:\\\/\\\/guitarradegranada.com\\\/en\\\/product\\\/handcrafted-capo-with-inlay\\\/\"]}]},{\"@type\":\"ImageObject\",\"inLanguage\":\"en-US\",\"@id\":\"https:\\\/\\\/guitarradegranada.com\\\/en\\\/product\\\/handcrafted-capo-with-inlay\\\/#primaryimage\",\"url\":\"https:\\\/\\\/guitarradegranada.com\\\/wp-content\\\/uploads\\\/2020\\\/09\\\/Cejilla4.JPG.jpg\",\"contentUrl\":\"https:\\\/\\\/guitarradegranada.com\\\/wp-content\\\/uploads\\\/2020\\\/09\\\/Cejilla4.JPG.jpg\",\"width\":1800,\"height\":1350,\"caption\":\"Handcrafted flamenco capos\"},{\"@type\":\"BreadcrumbList\",\"@id\":\"https:\\\/\\\/guitarradegranada.com\\\/en\\\/product\\\/handcrafted-capo-with-inlay\\\/#breadcrumb\",\"itemListElement\":[{\"@type\":\"ListItem\",\"position\":1,\"name\":\"Portada\",\"item\":\"https:\\\/\\\/guitarradegranada.com\\\/en\\\/\"},{\"@type\":\"ListItem\",\"position\":2,\"name\":\"Store\",\"item\":\"https:\\\/\\\/guitarradegranada.com\\\/en\\\/store\\\/\"},{\"@type\":\"ListItem\",\"position\":3,\"name\":\"Handcrafted capo with inlay\"}]},{\"@type\":\"WebSite\",\"@id\":\"https:\\\/\\\/guitarradegranada.com\\\/en\\\/#website\",\"url\":\"https:\\\/\\\/guitarradegranada.com\\\/en\\\/\",\"name\":\"LA GUITARRER\u00cdA DE GRANADA\",\"description\":\"La Guitarrer\u00eda de Granada es un taller de lutheria artesano y una tienda d\u00f3nde puedes encontrar guitarras artesanas flamencas, cl\u00e1sicas y todos los accesorios para guitarristas\",\"publisher\":{\"@id\":\"https:\\\/\\\/guitarradegranada.com\\\/en\\\/#organization\"},\"potentialAction\":[{\"@type\":\"SearchAction\",\"target\":{\"@type\":\"EntryPoint\",\"urlTemplate\":\"https:\\\/\\\/guitarradegranada.com\\\/en\\\/?s={search_term_string}\"},\"query-input\":{\"@type\":\"PropertyValueSpecification\",\"valueRequired\":true,\"valueName\":\"search_term_string\"}}],\"inLanguage\":\"en-US\"},{\"@type\":\"Organization\",\"@id\":\"https:\\\/\\\/guitarradegranada.com\\\/en\\\/#organization\",\"name\":\"Guitarra de Granada\",\"url\":\"https:\\\/\\\/guitarradegranada.com\\\/en\\\/\",\"logo\":{\"@type\":\"ImageObject\",\"inLanguage\":\"en-US\",\"@id\":\"https:\\\/\\\/guitarradegranada.com\\\/en\\\/#\\\/schema\\\/logo\\\/image\\\/\",\"url\":\"https:\\\/\\\/guitarradegranada.com\\\/wp-content\\\/uploads\\\/2020\\\/05\\\/Logo-Guitarra-de-Granada.png\",\"contentUrl\":\"https:\\\/\\\/guitarradegranada.com\\\/wp-content\\\/uploads\\\/2020\\\/05\\\/Logo-Guitarra-de-Granada.png\",\"width\":1314,\"height\":219,\"caption\":\"Guitarra de Granada\"},\"image\":{\"@id\":\"https:\\\/\\\/guitarradegranada.com\\\/en\\\/#\\\/schema\\\/logo\\\/image\\\/\"}}]}<\/script>\n<!-- \/ Yoast SEO plugin. -->","yoast_head_json":{"title":"\u25b7Handcrafted capo with inlay% -% LA GUITARRER\u00cdA DE GRANADA%.","description":"Cejilla of handcrafted wood with Grenadian Taracea and Palo Violeta. Exclusive design made in our artisan workshop in Granada.","robots":{"index":"index","follow":"follow","max-snippet":"max-snippet:-1","max-image-preview":"max-image-preview:large","max-video-preview":"max-video-preview:-1"},"canonical":"https:\/\/guitarradegranada.com\/en\/product\/handcrafted-capo-with-inlay\/","og_locale":"en_US","og_type":"article","og_title":"\u25b7Handcrafted capo with inlay% -% LA GUITARRER\u00cdA DE GRANADA%.","og_description":"Cejilla of handcrafted wood with Grenadian Taracea and Palo Violeta. Exclusive design made in our artisan workshop in Granada.","og_url":"https:\/\/guitarradegranada.com\/en\/product\/handcrafted-capo-with-inlay\/","og_site_name":"LA GUITARRER\u00cdA DE GRANADA","og_image":[{"width":1800,"height":1350,"url":"https:\/\/i0.wp.com\/guitarradegranada.com\/wp-content\/uploads\/2020\/09\/Cejilla4.JPG.jpg?fit=1800%2C1350&ssl=1","type":"image\/jpeg"}],"twitter_card":"summary_large_image","schema":{"@context":"https:\/\/schema.org","@graph":[{"@type":"WebPage","@id":"https:\/\/guitarradegranada.com\/en\/product\/handcrafted-capo-with-inlay\/","url":"https:\/\/guitarradegranada.com\/en\/product\/handcrafted-capo-with-inlay\/","name":"\u25b7Handcrafted capo with inlay% -% LA GUITARRER\u00cdA DE GRANADA%.","isPartOf":{"@id":"https:\/\/guitarradegranada.com\/en\/#website"},"primaryImageOfPage":{"@id":"https:\/\/guitarradegranada.com\/en\/product\/handcrafted-capo-with-inlay\/#primaryimage"},"image":{"@id":"https:\/\/guitarradegranada.com\/en\/product\/handcrafted-capo-with-inlay\/#primaryimage"},"thumbnailUrl":"https:\/\/guitarradegranada.com\/wp-content\/uploads\/2020\/09\/Cejilla4.JPG.jpg","datePublished":"2020-09-22T22:48:07+00:00","description":"Cejilla of handcrafted wood with Grenadian Taracea and Palo Violeta. Exclusive design made in our artisan workshop in Granada.","breadcrumb":{"@id":"https:\/\/guitarradegranada.com\/en\/product\/handcrafted-capo-with-inlay\/#breadcrumb"},"inLanguage":"en-US","potentialAction":[{"@type":"ReadAction","target":["https:\/\/guitarradegranada.com\/en\/product\/handcrafted-capo-with-inlay\/"]}]},{"@type":"ImageObject","inLanguage":"en-US","@id":"https:\/\/guitarradegranada.com\/en\/product\/handcrafted-capo-with-inlay\/#primaryimage","url":"https:\/\/guitarradegranada.com\/wp-content\/uploads\/2020\/09\/Cejilla4.JPG.jpg","contentUrl":"https:\/\/guitarradegranada.com\/wp-content\/uploads\/2020\/09\/Cejilla4.JPG.jpg","width":1800,"height":1350,"caption":"Handcrafted flamenco capos"},{"@type":"BreadcrumbList","@id":"https:\/\/guitarradegranada.com\/en\/product\/handcrafted-capo-with-inlay\/#breadcrumb","itemListElement":[{"@type":"ListItem","position":1,"name":"Portada","item":"https:\/\/guitarradegranada.com\/en\/"},{"@type":"ListItem","position":2,"name":"Store","item":"https:\/\/guitarradegranada.com\/en\/store\/"},{"@type":"ListItem","position":3,"name":"Handcrafted capo with inlay"}]},{"@type":"WebSite","@id":"https:\/\/guitarradegranada.com\/en\/#website","url":"https:\/\/guitarradegranada.com\/en\/","name":"LA GUITARRER\u00cdA DE GRANADA","description":"La Guitarrer\u00eda de Granada es un taller de lutheria artesano y una tienda d\u00f3nde puedes encontrar guitarras artesanas flamencas, cl\u00e1sicas y todos los accesorios para guitarristas","publisher":{"@id":"https:\/\/guitarradegranada.com\/en\/#organization"},"potentialAction":[{"@type":"SearchAction","target":{"@type":"EntryPoint","urlTemplate":"https:\/\/guitarradegranada.com\/en\/?s={search_term_string}"},"query-input":{"@type":"PropertyValueSpecification","valueRequired":true,"valueName":"search_term_string"}}],"inLanguage":"en-US"},{"@type":"Organization","@id":"https:\/\/guitarradegranada.com\/en\/#organization","name":"Guitarra de Granada","url":"https:\/\/guitarradegranada.com\/en\/","logo":{"@type":"ImageObject","inLanguage":"en-US","@id":"https:\/\/guitarradegranada.com\/en\/#\/schema\/logo\/image\/","url":"https:\/\/guitarradegranada.com\/wp-content\/uploads\/2020\/05\/Logo-Guitarra-de-Granada.png","contentUrl":"https:\/\/guitarradegranada.com\/wp-content\/uploads\/2020\/05\/Logo-Guitarra-de-Granada.png","width":1314,"height":219,"caption":"Guitarra de Granada"},"image":{"@id":"https:\/\/guitarradegranada.com\/en\/#\/schema\/logo\/image\/"}}]}},"jetpack_publicize_connections":[],"jetpack_sharing_enabled":true,"amp_enabled":true,"_links":{"self":[{"href":"https:\/\/guitarradegranada.com\/en\/wp-json\/wp\/v2\/product\/8040","targetHints":{"allow":["GET"]}}],"collection":[{"href":"https:\/\/guitarradegranada.com\/en\/wp-json\/wp\/v2\/product"}],"about":[{"href":"https:\/\/guitarradegranada.com\/en\/wp-json\/wp\/v2\/types\/product"}],"wp:featuredmedia":[{"embeddable":true,"href":"https:\/\/guitarradegranada.com\/en\/wp-json\/wp\/v2\/media\/3295"}],"wp:attachment":[{"href":"https:\/\/guitarradegranada.com\/en\/wp-json\/wp\/v2\/media?parent=8040"}],"wp:term":[{"taxonomy":"product_brand","embeddable":true,"href":"https:\/\/guitarradegranada.com\/en\/wp-json\/wp\/v2\/product_brand?post=8040"},{"taxonomy":"product_cat","embeddable":true,"href":"https:\/\/guitarradegranada.com\/en\/wp-json\/wp\/v2\/product_cat?post=8040"},{"taxonomy":"product_tag","embeddable":true,"href":"https:\/\/guitarradegranada.com\/en\/wp-json\/wp\/v2\/product_tag?post=8040"}],"curies":[{"name":"wp","href":"https:\/\/api.w.org\/{rel}","templated":true}]}}

<!-- This site is optimized with the Yoast SEO plugin v27.4 - https://yoast.com/product/yoast-seo-wordpress/ -->
<title>▷Handcrafted capo with inlay% -% LA GUITARRERÍA DE GRANADA%.</title>
<meta name="description" content="Cejilla of handcrafted wood with Grenadian Taracea and Palo Violeta. Exclusive design made in our artisan workshop in Granada." />
<meta name="robots" content="index, follow, max-snippet:-1, max-image-preview:large, max-video-preview:-1" />
<link rel="canonical" href="https://guitarradegranada.com/en/product/handcrafted-capo-with-inlay/" />
<meta property="og:locale" content="en_US" />
<meta property="og:type" content="article" />
<meta property="og:title" content="▷Handcrafted capo with inlay% -% LA GUITARRERÍA DE GRANADA%." />
<meta property="og:description" content="Cejilla of handcrafted wood with Grenadian Taracea and Palo Violeta. Exclusive design made in our artisan workshop in Granada." />
<meta property="og:url" content="https://guitarradegranada.com/en/product/handcrafted-capo-with-inlay/" />
<meta property="og:site_name" content="LA GUITARRERÍA DE GRANADA" />
<meta property="og:image" content="https://i0.wp.com/guitarradegranada.com/wp-content/uploads/2020/09/Cejilla4.JPG.jpg?fit=1800%2C1350&ssl=1" />
	<meta property="og:image:width" content="1800" />
	<meta property="og:image:height" content="1350" />
	<meta property="og:image:type" content="image/jpeg" />
<meta name="twitter:card" content="summary_large_image" />
<script type="application/ld+json" class="yoast-schema-graph">{"@context":"https:\/\/schema.org","@graph":[{"@type":"WebPage","@id":"https:\/\/guitarradegranada.com\/en\/product\/handcrafted-capo-with-inlay\/","url":"https:\/\/guitarradegranada.com\/en\/product\/handcrafted-capo-with-inlay\/","name":"▷Handcrafted capo with inlay% -% LA GUITARRERÍA DE GRANADA%.","isPartOf":{"@id":"https:\/\/guitarradegranada.com\/en\/#website"},"primaryImageOfPage":{"@id":"https:\/\/guitarradegranada.com\/en\/product\/handcrafted-capo-with-inlay\/#primaryimage"},"image":{"@id":"https:\/\/guitarradegranada.com\/en\/product\/handcrafted-capo-with-inlay\/#primaryimage"},"thumbnailUrl":"https:\/\/guitarradegranada.com\/wp-content\/uploads\/2020\/09\/Cejilla4.JPG.jpg","datePublished":"2020-09-22T22:48:07+00:00","description":"Cejilla of handcrafted wood with Grenadian Taracea and Palo Violeta. Exclusive design made in our artisan workshop in Granada.","breadcrumb":{"@id":"https:\/\/guitarradegranada.com\/en\/product\/handcrafted-capo-with-inlay\/#breadcrumb"},"inLanguage":"en-US","potentialAction":[{"@type":"ReadAction","target":["https:\/\/guitarradegranada.com\/en\/product\/handcrafted-capo-with-inlay\/"]}]},{"@type":"ImageObject","inLanguage":"en-US","@id":"https:\/\/guitarradegranada.com\/en\/product\/handcrafted-capo-with-inlay\/#primaryimage","url":"https:\/\/guitarradegranada.com\/wp-content\/uploads\/2020\/09\/Cejilla4.JPG.jpg","contentUrl":"https:\/\/guitarradegranada.com\/wp-content\/uploads\/2020\/09\/Cejilla4.JPG.jpg","width":1800,"height":1350,"caption":"Handcrafted flamenco capos"},{"@type":"BreadcrumbList","@id":"https:\/\/guitarradegranada.com\/en\/product\/handcrafted-capo-with-inlay\/#breadcrumb","itemListElement":[{"@type":"ListItem","position":1,"name":"Portada","item":"https:\/\/guitarradegranada.com\/en\/"},{"@type":"ListItem","position":2,"name":"Store","item":"https:\/\/guitarradegranada.com\/en\/store\/"},{"@type":"ListItem","position":3,"name":"Handcrafted capo with inlay"}]},{"@type":"WebSite","@id":"https:\/\/guitarradegranada.com\/en\/#website","url":"https:\/\/guitarradegranada.com\/en\/","name":"LA GUITARRERÍA DE GRANADA","description":"La Guitarrería de Granada es un taller de lutheria artesano y una tienda dónde puedes encontrar guitarras artesanas flamencas, clásicas y todos los accesorios para guitarristas","publisher":{"@id":"https:\/\/guitarradegranada.com\/en\/#organization"},"potentialAction":[{"@type":"SearchAction","target":{"@type":"EntryPoint","urlTemplate":"https:\/\/guitarradegranada.com\/en\/?s={search_term_string}"},"query-input":{"@type":"PropertyValueSpecification","valueRequired":true,"valueName":"search_term_string"}}],"inLanguage":"en-US"},{"@type":"Organization","@id":"https:\/\/guitarradegranada.com\/en\/#organization","name":"Guitarra de Granada","url":"https:\/\/guitarradegranada.com\/en\/","logo":{"@type":"ImageObject","inLanguage":"en-US","@id":"https:\/\/guitarradegranada.com\/en\/#\/schema\/logo\/image\/","url":"https:\/\/guitarradegranada.com\/wp-content\/uploads\/2020\/05\/Logo-Guitarra-de-Granada.png","contentUrl":"https:\/\/guitarradegranada.com\/wp-content\/uploads\/2020\/05\/Logo-Guitarra-de-Granada.png","width":1314,"height":219,"caption":"Guitarra de Granada"},"image":{"@id":"https:\/\/guitarradegranada.com\/en\/#\/schema\/logo\/image\/"}}]}</script>
<!-- / Yoast SEO plugin. -->

▷Handcrafted capo with inlay% -% LA GUITARRERÍA DE GRANADA%.

LA GUITARRERÍA DE GRANADA

La Guitarrería de Granada es un taller de lutheria artesano y una tienda dónde puedes encontrar guitarras artesanas flamencas, clásicas y todos los accesorios para guitarristas
